2*w, -2*w - 138 = -2*a. What is the highest common factor of 44 and a?
22
Let o = -100 + 39. Let w = o - -91. Calculate the greatest common factor of 30 and w.
30
Suppose -3*f = 2*a - 1222, 2426 = 4*a - 0*f - 3*f. Calculate the highest common factor of a and 48.
16
Let j(z) = -3*z + z + 1 + 2*z + z. Let v be j(-5). Let x be -1 - v*(-1)/(-2). What is the highest common factor of 1 and x?
1
Let u(b) = -145*b**3 - 6*b**2 - 20*b - 84. Let n be u(-4). Calculate the highest common factor of 216 and n.
108
Let n = -95 + 148. Suppose 2*b = 13 - n. Let t = 70 + b. What is the highest common factor of t and 10?
10
Let k = -124 - -159. Suppose 7*t + k*t - 1512 = 0. What is the highest common factor of 198 and t?
18
Suppose 15 = -2*r + 7*r. Suppose 2*p - r = 1. Let a(q) = q**3 - 490*q**2 - 5498*q + 149. Let f be a(-11). What is the greatest common divisor of f and p?
2
Let q(s) = 9*s**2 - 6*s + 5. Let f(v) = v**2 + 2. Let c(i) = -6*f(i) + q(i). Let b be c(-1). What is the highest common divisor of 16 and b?
2
Suppose -4*u + 10202 = 5*n, -60*u + 63*u - 4092 = -2*n. Calculate the highest common factor of 8362 and n.
226
Let k(i) = i**2 + 34*i + 117. Let c be k(-31). Let y be -1 + 8 - (-672)/c. Calculate the greatest common divisor of y and 875.
35
Let h = -296 - -367. Let b = 448 - 93. What is the greatest common divisor of b and h?
71
Suppose -19*f - 6*f = -7*f - 810. Calculate the highest common divisor of 1296 and f.
9
Let a(q) = 2*q**3 + 27*q**2 + 29*q + 14. Let g be a(-12). Let z = 111 - g. What is the greatest common factor of 3 and z?
1
Suppose 0 = -m - 2*f + 342, -12*f - 198 = -2*m + 630. Suppose -2*s + 2*r - 3 = -19, -4*s - r = -32. Calculate the greatest common factor of s and m.
8
Suppose 17*g - 15*g = -85*g + 8352. What is the highest common divisor of g and 208?
16
Suppose -2*p = -2*x + 127 + 157, 3*x - 2*p = 420. Calculate the greatest common divisor of x and 731.
17
Let l(c) = -20*c - 34. Let i be l(-13). Suppose -18*z + 20*z = i. Let o = z + 107. What is the greatest common divisor of 20 and o?
20
Suppose -1230*w + 1241*w - 2970 = 0. Calculate the highest common divisor of w and 12.
6
Let k = -1366 - -1378. What is the highest common divisor of k and 6?
6
Let s = 770 + -748. Suppose 2*f = -5*b + 90, -3*b + 88 = -4*f + 34. Let n = -7 + b. Calculate the highest common factor of s and n.
11
Let l(v) = 49*v - v**3 - 3*v**2 - 31*v - 27*v - 3*v**2. Let z be l(-6). What is the highest common divisor of 54 and z?
54
Let q(u) = u**3 - 8*u**2 + 11*u - 48. Let v be q(8). Let g be -6 + 4216/v + (-2)/5. What is the greatest common factor of g and 27?
9
Let t(o) = 14*o**2 - 7*o + 3. Suppose -5*l - 5 = 2*n - 1, 2*l = -4*n + 8. Let h be t(n). What is the highest common factor of h and 162?
54
Let b be ((-232)/(-20))/(((-1)/(-4))/((-125)/(-100))). What is the greatest common factor of 6641 and b?
29
Let b(y) = -162*y - 488. Let o be b(-4). What is the highest common factor of 4840 and o?
40
Let t be (2/4)/(1/2). Let c = -220 + 214. Let b(n) = n + 16. Let g be b(c). What is the greatest common factor of g and t?
1
Suppose -36 = 3*p + 27. Let a = -19 - p. Suppose 5*z = -r - a*r + 90, -z - r + 20 = 0. Calculate the greatest common factor of z and 3.
3
Suppose 5*p = -5*t + 155, -6*t - 124 = -4*p - t. Let z(f) = -13*f**2 + 48*f - 9. Let k be z(4). Let c = p + k. Calculate the highest common divisor of 6 and c.
6
Let p be 24/60 + 12206/10. Suppose 5*a + 2*d - 2035 = -d, p = 3*a - 3*d. Calculate the greatest common divisor of a and 11.
11
Let r be 0 + 3 + (514 - 1). Suppose -142 = 17*n - r. Let u(f) = 4*f - 5. Let g be u(4). What is the greatest common divisor of g and n?
11
Let x be (1 + (-26)/14)/(11/(-308)). Let q(j) = j. Let c be q(6). Let r be (-3)/1 + 3 + c. Calculate the greatest common divisor of r and x.
6
Let m(s) = -130*s + 294. Let h be m(-10). What is the highest common factor of h and 2?
2
Suppose 5*d - 7 = 8, 4*y + 4*d = 3964. Calculate the highest common factor of 208 and y.
52
Suppose 5*c = 164*c - 122112. Calculate the greatest common divisor of 120 and c.
24
Let t(p) = 14*p - 26. Let i be t(3). Suppose 0 = -5*f + 9*f - i. Suppose 50 = f*y + y. Calculate the greatest common divisor of y and 10.
10
Let s = -322275 + 322283. Suppose d - 5*h - 227 = 0, 0 = 4*d + 3*h - 0*h - 931. What is the greatest common divisor of d and s?
8
Suppose 0 = -372*j + 374*j - 154. Let y be (88/j)/((-2)/(-7)) + 268. Calculate the greatest common divisor of y and 16.
16
Let y(f) = -4*f + 4. Let b be y(-20). Let l = 566 - 554. What is the greatest common factor of b and l?
12
Let d(t) = 1140*t + 15. Let m be d(7). Let z be m/24 - (-7)/(-56). What is the highest common divisor of 9 and z?
9
Suppose q - 4*t = 20, 79*q + 5*t = 82*q - 67. What is the greatest common factor of q and 57?
3
Let h(f) = f**2 + 10*f - 64. Let m be (0 - 1) + 1*21/3. Let x be h(m). Calculate the greatest common divisor of x and 96.
32
Let x be (-582)/(-6) - (0 + -2). Let b(m) = -4*m**3 + 29*m**2 + 5*m - 29. Let y be b(7). Calculate the greatest common factor of y and x.
11
Let r = 16786 - 16708. Calculate the greatest common factor of 2 and r.
2
Let b = 2995 + -2748. Calculate the highest common factor of b and 598.
13
Let h(b) = -2*b**2 - 32*b - 6. Let w be h(-17). Let q be (w/6)/(138/72 - 2). Let l = q - 55. Calculate the highest common factor of 125 and l.
25
Suppose 1 = l - 6. Suppose s + 131 = -519. Let y be (-520)/s + 202/10. What is the highest common divisor of y and l?
7
Let t = -5374 + 8182. Suppose -27*w - t = -33*w. What is the highest common divisor of w and 52?
52
Let a(c) = -c**3 + 82*c**2 - 1269*c - 31. Let g be a(21). Calculate the greatest common factor of g and 533.
13
Let z(o) = -o**2 - 175*o + 464. Let p be z(-177). Let a(r) = -r**3 + 8*r**2 - 5*r - 6. Let v be a(5). Calculate the highest common factor of v and p.
22
Let d be 14/3 - ((-612)/(-27) + -23). Suppose 3*s - 3*g - 618 = 0, 2*g - 1020 = -5*s - 3*g. Calculate the greatest common divisor of d and s.
5
Let u = -185 - -305. Suppose -11*l + 9*l = -u. What is the highest common factor of 100 and l?
20
Let i be (-1368)/(-16)*56/36. Suppose -a + j + 15 = 4, 0 = a + j - 3. What is the greatest common divisor of i and a?
7
Suppose 3*j + 11 = 5*z - 0, -2*j = 5*z + 49. Let a(y) = 13*y + 202. Let l be a(-16). Let v be 219/6 + l/j. What is the highest common factor of 296 and v?
37
Suppose 168 = -a + 5*a. Let j be ((-44)/(-3))/11*(-6)/(-4). Suppose j = 2*l - 10. What is the highest common divisor of l and a?
6
Let f be 6100/120 + 95/(-114). What is the highest common factor of 25150 and f?
50
Let q = 8455 + -7759. Calculate the greatest common factor of q and 24.
24
Let i(b) = 2*b**3 - 33*b**2 + 29*b - 150. Let g be i(16). What is the greatest common divisor of 6 and g?
2
Let n be 18/(-45) + 54/10. Suppose n*i - 12 = -2*v + 3*i, 4*v - i - 24 = 0. Calculate the greatest common factor of v and 2.
2
Suppose 57*v - 161*v + 4250 = -70*v. What is the greatest common divisor of 925 and v?
25
Let x(w) = w - 11. Let d be x(13). Suppose 3*i - 14 = 5*s + 5, 0 = -d*s - i - 1. Let y be 4610/20 + (-1)/s. Calculate the greatest common factor of y and 21.
21
Let w be 21028/4 - (-11)/(-1). What is the greatest common divisor of 488 and w?
122
Suppose 250*v - 3262 = -57*v + 4106. Calculate the highest common factor of 648 and v.
24
Suppose 3*p - 2951 = 2*r - 1074, 5*r = 2*p - 1233. Suppose 0 = -2*n + 4*l + 50, -3*n + n = 3*l - 22. What is the highest common divisor of n and p?
17
Suppose 3*g = -2*g + 595. Let i(m) = 469*m - 36565. Let s be i(78). Calculate the greatest common factor of g and s.
17
Suppose -35*n = 10*n - 91*n + 982192. What is the highest common factor of 34 and n?
34
Let v be 429 + (8 - 8)*4/(-12). Calculate the greatest common divisor of 33 and v.
33
Let i = 695 - -273. Calculate the greatest common divisor of 440 and i.
88
Let d = 97 + -103. Let u be (-2)/d*1*132. Let r = u + -26. Calculate the highest common factor of 36 and r.
18
Suppose -2*v = 5*j - 64848, 3*v + 4*j - 109246 = -11981. Calculate the highest common divisor of v and 17.
17
Let f be 2/(2/(-1)) - 0/50. Let t be 2 + 1 + -1162 + 2. Let h be t/(-26) + f/(-2). Calculate the highest common divisor of 5 and h.
5
Suppose -10*r + 13*r + 86 = 2*w, -2*r - 193 = -5*w. Suppose